{"id":31,"date":"2023-01-07T15:45:20","date_gmt":"2023-01-07T15:45:20","guid":{"rendered":"https:\/\/scmcantanhede.pt\/?page_id=31"},"modified":"2023-05-31T20:39:29","modified_gmt":"2023-05-31T19:39:29","slug":"apoio-domiciliario","status":"publish","type":"page","link":"https:\/\/www.scmcantanhede.pt\/?page_id=31","title":{"rendered":"Apoio Domicili\u00e1rio"},"content":{"rendered":"\n<p align=\"center\"><strong>Servi\u00e7o de Apoio Domicili\u00e1rio<\/strong><\/p>\n<p align=\"justify\">O <strong>Servi\u00e7o de  Apoio Domicili\u00e1rio (SAD)<\/strong> \u00e9 uma resposta social que consiste na presta\u00e7\u00e3o de  cuidados individualizados e personalizados no domic\u00edlio, a indiv\u00edduos e  fam\u00edlias quando, por motivos de doen\u00e7a, defici\u00eancia ou outro impedimento, n\u00e3o  possam assegurar tempor\u00e1ria ou permanentemente, a satisfa\u00e7\u00e3o das suas  necessidades b\u00e1sicas e\/ou as atividades da vida di\u00e1ria.<br \/><\/p>\n<p align=\"justify\">S\u00e3o objetivos  do SAD: contribuir para retardar ou evitar a institucionaliza\u00e7\u00e3o; contribuir  para a melhoria da qualidade de vida dos indiv\u00edduos e fam\u00edlias;<br \/><\/p>\n<p align=\"justify\">O SAD pode  proporcionar os seguintes servi\u00e7os: <\/p>\n<ul>\n  <li>presta\u00e7\u00e3o de cuidados de higiene e conforto; <\/li>\n  <li>manuten\u00e7\u00e3o de arrumos e limpezas no domic\u00edlio,  nas \u00e1reas utilizadas pelo cliente;<\/li>\n  <li>\u00a0tratamento de roupas; <\/li>\n  <li>confe\u00e7\u00e3o, transporte e\/ou distribui\u00e7\u00e3o de  refei\u00e7\u00f5es;<\/li>\n  <li>\u00a0Acompanhamento e conv\u00edvio;<\/li>\n<\/ul>\n<p align=\"justify\">O SAD tem  capacidade para 30 clientes. Funciona de Segunda a Domingo das 8 horas \u00e0s 21 horas.<\/p>\n","protected":false},"excerpt":{"rendered":"<p>Servi\u00e7o de Apoio Domicili\u00e1rio O Servi\u00e7o de Apoio Domicili\u00e1rio (SAD) \u00e9 uma resposta social que consiste na presta\u00e7\u00e3o de cuidados individualizados e personalizados no domic\u00edlio, a indiv\u00edduos e fam\u00edlias quando, por motivos de doen\u00e7a, defici\u00eancia ou outro impedimento, n\u00e3o possam assegurar tempor\u00e1ria ou permanentemente, a satisfa\u00e7\u00e3o das suas necessidades b\u00e1sicas e\/ou as atividades da vida [&hellip;]<\/p>\n","protected":false},"author":1,"featured_media":0,"parent":0,"menu_order":0,"comment_status":"closed","ping_status":"closed","template":"","meta":{"_oasis_is_in_workflow":0,"_oasis_original":0,"footnotes":""},"class_list":["post-31","page","type-page","status-publish","hentry"],"aioseo_notices":[],"_links":{"self":[{"href":"https:\/\/www.scmcantanhede.pt\/index.php?rest_route=\/wp\/v2\/pages\/31","targetHints":{"allow":["GET"]}}],"collection":[{"href":"https:\/\/www.scmcantanhede.pt\/index.php?rest_route=\/wp\/v2\/pages"}],"about":[{"href":"https:\/\/www.scmcantanhede.pt\/index.php?rest_route=\/wp\/v2\/types\/page"}],"author":[{"embeddable":true,"href":"https:\/\/www.scmcantanhede.pt\/index.php?rest_route=\/wp\/v2\/users\/1"}],"replies":[{"embeddable":true,"href":"https:\/\/www.scmcantanhede.pt\/index.php?rest_route=%2Fwp%2Fv2%2Fcomments&post=31"}],"version-history":[{"count":0,"href":"https:\/\/www.scmcantanhede.pt\/index.php?rest_route=\/wp\/v2\/pages\/31\/revisions"}],"wp:attachment":[{"href":"https:\/\/www.scmcantanhede.pt\/index.php?rest_route=%2Fwp%2Fv2%2Fmedia&parent=31"}],"curies":[{"name":"wp","href":"https:\/\/api.w.org\/{rel}","templated":true}]}}