{"id":22,"date":"2023-01-07T15:45:20","date_gmt":"2023-01-07T15:45:20","guid":{"rendered":"https:\/\/scmcantanhede.pt\/?page_id=22"},"modified":"2023-05-29T18:05:55","modified_gmt":"2023-05-29T18:05:55","slug":"compromisso","status":"publish","type":"page","link":"https:\/\/www.scmcantanhede.pt\/?page_id=22","title":{"rendered":"Compromisso"},"content":{"rendered":"\n<figure class=\"wp-block-table aligncenter\"><table><tbody><tr><td class=\"has-text-align-center\" data-align=\"center\"><strong>COMPROMISSO DA IRMANDADE<\/strong><br>&nbsp;<br><br><br><br>Escolha o Tema do<br><strong>COMPROMISSO DA IRMANDADE<\/strong><br>que pretende consultar, clicando sobre a tabela<br>que se encontra \u00e0 direita desta p\u00e1gina.<br><br><br><br>&nbsp;<br><strong>Se desejar, pode consultar tudo de uma s\u00f3 vez:<\/strong><br><strong><a rel=\"noreferrer noopener\" href=\"https:\/\/scmcantanhede.pt\/?page_id=1216\">Ver vers\u00e3o completa<\/a><\/strong><\/td><td><strong><a rel=\"noreferrer noopener\" href=\"https:\/\/scmcantanhede.pt\/?page_id=1219\">Denomina\u00e7\u00e3o, natureza jur\u00eddica, organiza\u00e7\u00e3o, objetivos, bandeira e bras\u00e3o<\/a><\/strong> (Art\u00ba 1 &#8211; 4)<br>&nbsp;<br><strong><a rel=\"noreferrer noopener\" href=\"https:\/\/scmcantanhede.pt\/?page_id=1229\">Dos Irm\u00e3os da Miseric\u00f3rdia<\/a><\/strong> (Art\u00ba 5 &#8211; 11)<br>&nbsp;<br><strong><a rel=\"noreferrer noopener\" href=\"https:\/\/scmcantanhede.pt\/?page_id=1234\">Atividade Espiritual e Religiosa<\/a><\/strong> (Art\u00ba 12)<br>&nbsp;<br><strong><em><a rel=\"noreferrer noopener\" href=\"https:\/\/scmcantanhede.pt\/?page_id=1239\">Corpos Sociais<\/a><\/em><\/strong> (Art\u00ba 13 &#8211; 19)<br>&nbsp;<br>&nbsp;&#8211; <strong><a rel=\"noreferrer noopener\" href=\"https:\/\/scmcantanhede.pt\/?page_id=1244\">Assembleia Geral<\/a><\/strong> (Art\u00ba 20 &#8211; 25)<br>&nbsp;<br>&nbsp;&#8211; <strong><a rel=\"noreferrer noopener\" href=\"https:\/\/scmcantanhede.pt\/?page_id=1249\">Mesa Administrativa<\/a><\/strong> (Art\u00ba 26 &#8211; 29)<br>&nbsp;<br>&nbsp;&#8211; <strong><a rel=\"noreferrer noopener\" href=\"https:\/\/scmcantanhede.pt\/?page_id=1254\">Conselho Fiscal<\/a><\/strong> (Art\u00ba 30 &#8211; 32)<br>&nbsp;<br> &#8211; <strong><a rel=\"noreferrer noopener\" href=\"https:\/\/scmcantanhede.pt\/?page_id=1259\">Conselho Consultivo<\/a><\/strong> (Art\u00ba 33)<br>&nbsp;<br><strong><a rel=\"noreferrer noopener\" href=\"https:\/\/scmcantanhede.pt\/?page_id=1264\">Processo e mat\u00e9rias de natureza eleitoral <\/a><\/strong>(Art\u00ba 34)<br>&nbsp;<br><strong><a rel=\"noreferrer noopener\" href=\"https:\/\/scmcantanhede.pt\/?page_id=1269\">Patrim\u00f3nio e Regime Financeiro<\/a><\/strong> (Art\u00ba 35 &#8211; 37)<br>&nbsp;<br><strong><a rel=\"noreferrer noopener\" href=\"https:\/\/scmcantanhede.pt\/?page_id=1274\">Benem\u00e9ritos e Honor\u00e1rios<\/a><\/strong> (Art\u00ba 38)<br>&nbsp;<br><strong><a rel=\"noreferrer noopener\" href=\"https:\/\/scmcantanhede.pt\/?page_id=1278\">Disposi\u00e7\u00f5es Gerais e Transit\u00f3rias<\/a><\/strong> (Art\u00ba 39 &#8211; 41)<\/td><\/tr><\/tbody><\/table><\/figure>\n","protected":false},"excerpt":{"rendered":"<p>COMPROMISSO DA IRMANDADE&nbsp; Escolha o Tema doCOMPROMISSO DA IRMANDADEque pretende consultar, clicando sobre a tabelaque se encontra \u00e0 direita desta p\u00e1gina. &nbsp;Se desejar, pode consultar tudo de uma s\u00f3 vez:Ver vers\u00e3o completa Denomina\u00e7\u00e3o, natureza jur\u00eddica, organiza\u00e7\u00e3o, objetivos, bandeira e bras\u00e3o (Art\u00ba 1 &#8211; 4)&nbsp;Dos Irm\u00e3os da Miseric\u00f3rdia (Art\u00ba 5 &#8211; 11)&nbsp;Atividade Espiritual e Religiosa (Art\u00ba [&hellip;]<\/p>\n","protected":false},"author":1,"featured_media":0,"parent":0,"menu_order":0,"comment_status":"closed","ping_status":"closed","template":"","meta":{"_oasis_is_in_workflow":0,"_oasis_original":0,"footnotes":""},"class_list":["post-22","page","type-page","status-publish","hentry"],"aioseo_notices":[],"_links":{"self":[{"href":"https:\/\/www.scmcantanhede.pt\/index.php?rest_route=\/wp\/v2\/pages\/22","targetHints":{"allow":["GET"]}}],"collection":[{"href":"https:\/\/www.scmcantanhede.pt\/index.php?rest_route=\/wp\/v2\/pages"}],"about":[{"href":"https:\/\/www.scmcantanhede.pt\/index.php?rest_route=\/wp\/v2\/types\/page"}],"author":[{"embeddable":true,"href":"https:\/\/www.scmcantanhede.pt\/index.php?rest_route=\/wp\/v2\/users\/1"}],"replies":[{"embeddable":true,"href":"https:\/\/www.scmcantanhede.pt\/index.php?rest_route=%2Fwp%2Fv2%2Fcomments&post=22"}],"version-history":[{"count":0,"href":"https:\/\/www.scmcantanhede.pt\/index.php?rest_route=\/wp\/v2\/pages\/22\/revisions"}],"wp:attachment":[{"href":"https:\/\/www.scmcantanhede.pt\/index.php?rest_route=%2Fwp%2Fv2%2Fmedia&parent=22"}],"curies":[{"name":"wp","href":"https:\/\/api.w.org\/{rel}","templated":true}]}}