{"id":144,"date":"2023-01-14T14:21:00","date_gmt":"2023-01-14T14:21:00","guid":{"rendered":"https:\/\/scmcantanhede.pt\/?page_id=144"},"modified":"2023-05-30T00:17:01","modified_gmt":"2023-05-29T23:17:01","slug":"agendar-visitas","status":"publish","type":"page","link":"https:\/\/www.scmcantanhede.pt\/?page_id=144","title":{"rendered":"Agendar Visitas"},"content":{"rendered":"\n<p><strong><em>Aten\u00e7\u00e3o: Por motivos de reorganiza\u00e7\u00e3o de servi\u00e7os, ainda n\u00e3o \u00e9 poss\u00edvel fazer os agendamentos de visitas online.<\/em><\/strong><\/p>\n\n\n\n<p><em>Contactos para agendamento de visitas:<\/em><\/p>\n\n\n\n<ul class=\"wp-block-list\">\n<li><em>LARES: 231 422 578 (Op\u00e7\u00e3o 6)<\/em><\/li>\n<\/ul>\n\n\n\n<ul class=\"wp-block-list\">\n<li>U<em>CCI: 231 422 578 (Op\u00e7\u00e3o 7)<\/em><\/li>\n<\/ul>\n\n\n<p>[CP_APP_HOUR_BOOKING id=&#8221;1&#8243;]<\/p>\n\n\n<p>[CP_APP_HOUR_BOOKING id=&#8221;2&#8243;]<\/p>\n","protected":false},"excerpt":{"rendered":"<p>Aten\u00e7\u00e3o: Por motivos de reorganiza\u00e7\u00e3o de servi\u00e7os, ainda n\u00e3o \u00e9 poss\u00edvel fazer os agendamentos de visitas online. Contactos para agendamento de visitas:<\/p>\n","protected":false},"author":1,"featured_media":0,"parent":0,"menu_order":0,"comment_status":"closed","ping_status":"closed","template":"","meta":{"_oasis_is_in_workflow":0,"_oasis_original":0,"footnotes":""},"class_list":["post-144","page","type-page","status-publish","hentry"],"aioseo_notices":[],"_links":{"self":[{"href":"https:\/\/www.scmcantanhede.pt\/index.php?rest_route=\/wp\/v2\/pages\/144","targetHints":{"allow":["GET"]}}],"collection":[{"href":"https:\/\/www.scmcantanhede.pt\/index.php?rest_route=\/wp\/v2\/pages"}],"about":[{"href":"https:\/\/www.scmcantanhede.pt\/index.php?rest_route=\/wp\/v2\/types\/page"}],"author":[{"embeddable":true,"href":"https:\/\/www.scmcantanhede.pt\/index.php?rest_route=\/wp\/v2\/users\/1"}],"replies":[{"embeddable":true,"href":"https:\/\/www.scmcantanhede.pt\/index.php?rest_route=%2Fwp%2Fv2%2Fcomments&post=144"}],"version-history":[{"count":0,"href":"https:\/\/www.scmcantanhede.pt\/index.php?rest_route=\/wp\/v2\/pages\/144\/revisions"}],"wp:attachment":[{"href":"https:\/\/www.scmcantanhede.pt\/index.php?rest_route=%2Fwp%2Fv2%2Fmedia&parent=144"}],"curies":[{"name":"wp","href":"https:\/\/api.w.org\/{rel}","templated":true}]}}