{"id":1234,"date":"2023-05-29T17:51:56","date_gmt":"2023-05-29T17:51:56","guid":{"rendered":"https:\/\/scmcantanhede.pt\/?page_id=1234"},"modified":"2023-05-29T17:52:28","modified_gmt":"2023-05-29T17:52:28","slug":"atividade-espiritual-e-religiosa","status":"publish","type":"page","link":"https:\/\/www.scmcantanhede.pt\/?page_id=1234","title":{"rendered":"Atividade espiritual e religiosa"},"content":{"rendered":"\n<p><strong>Artigo 12.\u00ba<\/strong><\/p>\n\n\n\n<p><strong>(Atividade espiritual e religiosa)<\/strong><\/p>\n\n\n\n<p><strong>1<\/strong>&nbsp;\u2013 Nas diversas obras sociais e servi\u00e7os<em>&nbsp;da Miseric\u00f3rdia<\/em>&nbsp;poder\u00e1 haver assist\u00eancia espiritual e religiosa e, para tal, sendo poss\u00edvel, um Capel\u00e3o privativo provido pelo Bispo Diocesano, sob apresenta\u00e7\u00e3o da Mesa Administrativa.<\/p>\n\n\n\n<p><strong>2<\/strong>&nbsp;\u2013 A Igreja e Capela da Santa Casa&nbsp;<em>da Miseric\u00f3rdia<\/em>&nbsp;s\u00e3o destinadas ao exerc\u00edcio do culto divino e nelas se realizar\u00e3o, sempre que poss\u00edvel, os seguintes atos:<\/p>\n\n\n\n<p><strong>a)<\/strong>&nbsp;&nbsp;&nbsp;&nbsp;Missa semanal da&nbsp;<em>Santa Casa da Miseric\u00f3rdia<\/em>;<\/p>\n\n\n\n<p><strong>b<\/strong>)&nbsp;&nbsp;&nbsp;&nbsp;Missa de sufr\u00e1gio por alma de cada Irm\u00e3o falecido;<\/p>\n\n\n\n<p><strong>c)<\/strong>&nbsp; A festa anual da Visita\u00e7\u00e3o em honra da Padroeira das Santas Casas<em>&nbsp;da Miseric\u00f3rdia<\/em>;<\/p>\n\n\n\n<p><strong>d)<\/strong>&nbsp;&nbsp; As cerim\u00f3nias lit\u00fargicas da Semana Santa;<\/p>\n\n\n\n<p><strong>e)<\/strong>&nbsp;Missa no m\u00eas de novembro de cada ano por alma de todos os Irm\u00e3os, Benem\u00e9ritos e Benfeitores falecidos;<\/p>\n\n\n\n<p><strong>f)&nbsp;&nbsp;&nbsp;<\/strong>&nbsp;A celebra\u00e7\u00e3o de outros atos de culto que constituam encargos aceites.<\/p>\n","protected":false},"excerpt":{"rendered":"<p>Artigo 12.\u00ba (Atividade espiritual e religiosa) 1&nbsp;\u2013 Nas diversas obras sociais e servi\u00e7os&nbsp;da Miseric\u00f3rdia&nbsp;poder\u00e1 haver assist\u00eancia espiritual e religiosa e, para tal, sendo poss\u00edvel, um Capel\u00e3o privativo provido pelo Bispo Diocesano, sob apresenta\u00e7\u00e3o da Mesa Administrativa. 2&nbsp;\u2013 A Igreja e Capela da Santa Casa&nbsp;da Miseric\u00f3rdia&nbsp;s\u00e3o destinadas ao exerc\u00edcio do culto divino e nelas se realizar\u00e3o, [&hellip;]<\/p>\n","protected":false},"author":1,"featured_media":0,"parent":0,"menu_order":0,"comment_status":"closed","ping_status":"closed","template":"","meta":{"_oasis_is_in_workflow":0,"_oasis_original":0,"footnotes":""},"class_list":["post-1234","page","type-page","status-publish","hentry"],"aioseo_notices":[],"_links":{"self":[{"href":"https:\/\/www.scmcantanhede.pt\/index.php?rest_route=\/wp\/v2\/pages\/1234","targetHints":{"allow":["GET"]}}],"collection":[{"href":"https:\/\/www.scmcantanhede.pt\/index.php?rest_route=\/wp\/v2\/pages"}],"about":[{"href":"https:\/\/www.scmcantanhede.pt\/index.php?rest_route=\/wp\/v2\/types\/page"}],"author":[{"embeddable":true,"href":"https:\/\/www.scmcantanhede.pt\/index.php?rest_route=\/wp\/v2\/users\/1"}],"replies":[{"embeddable":true,"href":"https:\/\/www.scmcantanhede.pt\/index.php?rest_route=%2Fwp%2Fv2%2Fcomments&post=1234"}],"version-history":[{"count":0,"href":"https:\/\/www.scmcantanhede.pt\/index.php?rest_route=\/wp\/v2\/pages\/1234\/revisions"}],"wp:attachment":[{"href":"https:\/\/www.scmcantanhede.pt\/index.php?rest_route=%2Fwp%2Fv2%2Fmedia&parent=1234"}],"curies":[{"name":"wp","href":"https:\/\/api.w.org\/{rel}","templated":true}]}}